19
Evaluate (87 - (37 - 8) - 36) + 74.
96
(3 - 131) + (158 - 161 - (-6 - 10))
-115
5 + (1 - -8 - -2) + -54 + 23
-15
6 - (-28 + 20 + 3 + -13 - (0 - -7))
31
What is the value of -41 + 1 + 96 + (2 - -39)?
97
Evaluate 76 + (5 + -20 - -2) + -5.
58
What is the value of 15 + -2 - (14 + (23 - 53) + 108)?
-79
Evaluate (161 - 172) + 58 + -2.
45
What is the value of 4 - (16 - (-14 + 13 + 32))?
19
Evaluate (-18 - -13 - (5 - 12)) + 58 + (1 - -3).
64
What is -25 + ((29 - 53) + 28 - 75)?
-96
Evaluate 60 - (-82 + 137) - (-34 + -1).
40
Evaluate 1 + -3 - (-84 + 1) - (5883 - 5901).
99
What is the value of (19 - 31) + 10 - (-4 - 9) - 25?
-14
Calculate 1 + 23 - (-74 - (-11 - 71)).
16
Calculate 0 + -32 + (-12 - (-29 + (23 - 12))).
-26
What is 2 + 58 - (123 - 104)?
41
(25 - 13) + -25 + 29
16
Evaluate ((46 - 18) + -17 - 12) + (83 - 4).
78
What is (-20 - (0 + 3)) + -37 + 51 + 8?
-1
312 - 336 - (0 + (-9 - -2))
-17
Calculate (55 + -46 - (-33 - -5)) + -167.
-130
30 - -1 - (88 + -89) - 11
21
Evaluate (-5 - -68) + (4 - 1) + 4 + -47 + 36.
59
What is (-33 - 24 - 26) + -19 + 21?
-81
Evaluate -33 - 37 - 5 - (-2 - (7 - (9 - 3))).
-72
What is -1 - -2 - -59 - (-15 + 1 + 213 + -188)?
49
Calculate 21 - (9 - (107 + -150)).
-31
(0 - 0) + (0 - 10) - (322 - 212 - 22)
-98
What is the value of -92 + (-2 - -101) - -69?
76
-22 + 9 + 38 + -21
4
What is 16 + (-19 - -2 - 15) + -62 + 16?
-62
Calculate -33 - (-70 - 3) - 47.
-7
(-78 - -17) + (154 - 137)
-44
What is 98 + (-75 - 17) + 84?
90
Evaluate (0 - 32) + (-46 - (-27 - -32) - -37).
-46
Calculate 17 + 1 + -259 + 262 + 1.
22
Calculate (-1 + -1 - -8) + (-102 - -107) + (0 - 14).
-3
What is the value of -4 + 2 + -3 - -6 - (-15 - -17)?
-1
31 - (-21 - (-20 + 4 + 5))
41
What is the value of 35 - (-20 - -57 - -33)?
-35
Evaluate (-15 - 11) + (62 - 63 - (-2 - 4)) + -7.
-28
Calculate -150 + 145 + (11 - 1) + (-7 - -1).
-1
What is the value of 43 + (-155 + 134 - 102)?
-80
What is the value of 17 + -95 - -71 - (69 - 15)?
-61
(1 + -1 - 0) + (-119 - -113) - (35 - 0)
-41
What is the value of 66 + (63 + -226 - -25)?
-72
What is the value of 2 + 21 + -18 + (64 - 8)?
61
Evaluate (-1 - -7) + (-19 - -12) + -3.
-4
6 - (-5 + (-3 - -6) - (234 - 242))
0
What is 23 - 57 - -34 - 39?
-39
Calculate (52 + -6 - 88) + 16.
-26
8 - (9 + 0 - (-12 - (4 - 8))) - -30
21
93 + -45 + -87 + 34
-5
Evaluate (-21 - -22) + -2 + (-26 - 72) + 0 + 2.
-97
Evaluate -7 - 3 - (14 + -14 + -19) - 28.
-19
Evaluate (1 - -7) + 7 + (3 - -21 - 4).
35
Evaluate -202 + (119 - (-71 + 89)).
-101
What is the value of -3 - (19 + -11 - 12 - 1) - 145?
-143
Evaluate -4 - (-6 - -9 - (-13 + 18 - 5) - -8).
-15
What is -16 + 8 + 11 + (8 + 3 - 23)?
-9
What is 22 - (12 + (-10 - -43 - 5))?
-18
23 - (-21 - (-16 - 3) - 6)
31
2 - (-2 + 12 + 5 + 102 + -9)
-106
What is the value of -70 + 62 + 17 + -19 + -27?
-37
What is the value of -2 - 16 - -3 - ((-13 - 10) + 30)?
-22
Calculate -1043 - -1102 - (-3 + -18).
80
What is the value of -14 + (25 - -5) - (-2 + -2 + -8)?
28
What is the value of 12 - (-21 + (28 - -22)) - (-57 - -1)?
39
Calculate 1 + -8 + (39 - 31) + (21 - (-10 + -6)).
38
(-8 + 25 - 11 - 12) + (6 - 9 - -15)
6
Evaluate 13 + 2 + -6 + (-73 - -4) - -11.
-49
Evaluate 171 + (40 - 134) - 88.
-11
Calculate 0 + 29 + -46 - -2 - -54.
39
19 - ((-36 - -26) + 21 - (2 + 11))
21
Evaluate -31 - (25 + -18 + (-8 - 1)) - (-46 + 38).
-21
25 + (-2 + 2 + -2 - -2) + -6069 + 6077
33
Calculate 2 + -13 + 340 + -292.
37
What is 9 + -43 + (3 - -14) + -23?
-40
22 + (199 - 112) - 222
-113
What is the value of ((-7 - -28) + -47 + 22 - (-43 + 0)) + 8?
47
What is the value of (-4 + (5 - 2) + 1 - (-243 + 234)) + -120?
-111
Evaluate 22 - -3 - (16 - -6 - 3).
6
What is the value of 88 - 57 - 33 - (2 + -13) - 15?
-6
Calculate -49 + 4 + -25 + 56.
-14
Calculate -111 + (3 - 2) + (-28 + -13 - (-57 - -22)).
-116
Evaluate (-2 - 45) + -89 + (83 - -3).
-50
Evaluate -5 + -4 + -22 + 14 + -38.
-55
What is the value of 11 + (-10 - ((-1 - 0) + -93)) - (-5 - -1)?
99
Evaluate -98 - (-9 + (-33 - (-75 + 38))).
-93
Evaluate -34 - 28 - -48 - (4 - -14).
-32
(-5 - -11) + ((-63 - -5) + 1 - -14)
-37
(-20 + -5 + 8 - -43 - 23) + -84
-81
Evaluate -58 + 2 - (-35 + 2 - (831 - 855)).
-47
Evaluate 29 + 94 + -35 + -9.
79
What is the value of 107 - (109 - (-95 - -66))?
-31
What is (-84 - (-51 + 23)) + 20?
-36
Calculate -69 - -65 - 36 - -156.
116
325 - 300 - (-16 - (-2 + 0 + 3))
42
(52 - (-1 + 0)) + -10 + 16 + (-4 - 4)
51
Calculate -57 - (-1 + 2) - (-112 - (91 - 209)).
-64
-53 + (2 - (0 + -9))
-42
-131 + (87 - 76) + 3
-117
Calculate 14 + 11 + -29 + (12 - 14).
-6
Calculate -13 - (-10 + 6 + -2 + (-66 - -14)).
45
Evaluate -226 - -183 - ((0 - 3 - 7) + -1).
-32
What is -4 + (23 - ((20 - 27) + 30))?
-4
What is the value of (-323 - -305) + (1 - 16)?
-33
What is the value of (-10 - -3) + (15 - 24) + 17 - (3 - 10)?
8
Evaluate (-5 - (13 - (7 - -15)) - 56) + 1.
-51
What is -25 - -3 - (26 + -50)?
2
Calculate -4 + (51 - 4) + 67 + -56 + -5.
49
What is the value of -8 + (126 + -116 - (0 + -10) - -12)?
24
Calculate -88 + (2 + 7 - (5 + 0 + -5)).
-79
What is the value of 2 + -9 + 5 + 5 + -66?
-63
20 - ((-44 - -113) + -43)
-6
Calculate -4 + (2 - 1) + 5 - (5114 + -4997).
-115
-1 + 2 - (-55 - (-73 + 14))
-3
What is -88 + (-10 - -63) + 54?
19
What is -181 + 217 - (19 - (25 - -11))?
53
What is the value of -5 + -6 - (14 + -17) - (0 - (-6 + 1))?
-13
Evaluate 14 + (8 + -20 - -12) + 17.
31
What is the value of 4 + -3 + -6 + -17 + -39 + -28 + 43?
-46
Evaluate 5 - (-16 - (2 - ((20 - 9) + (-8 - -6)))).
14
Calculate -8 + 2 - (56 - (17 - -110)).
65
Evaluate 5 + (61 - 15) + -51.
0
Evaluate (-96 - (1 - (-3 + 5))) + (-50 - (105 - 163)).
-87
What is the value of 64 + -50 + 2 + -5 + -2 + -129?
-120
What is the value of 5 + -10 + (-3 - (12 + (2 - 10)))?
-12
What is -82 - (-46 + (-9 - -31) + -12)?
-46
(13 - 7) + (3 - 53 - -30)
-14
(-49 - (-26 - -25) - -22) + 5
-21
What is the value of -20 + 95 + (-61 - -25)?
39
What is the value of -34 - ((4 - 2) + -2) - (-50 + (30 - -25))?
-39
What is the value of (-5 - (14 + (1 - 1))) + 18 + -8?
-9
Calculate 75 + (-8 - 15) - (-113 + 90).
75
Calculate 59 + -56 - (-4 - (-7 + -36)).
-36
What is (64 - 36) + -48 - (-8 + -3)?
-9
What is 105 + (-128 - (-8 - 4))?
-11
What is -22 - (14 - (-15 - -2 - -47))?
-2
Calculate 0 - -22 - (-956 + 952) - ((13 - 3) + -1).
17
What is (19 - 66) + -21 + 24?
-44
(-493 - -541) + -23 + (6 - 0)
31
Evaluate -167 + 203 + (16 - 1) - (4 + -1 - 7).
55
Calculate 29 + -5 + (21 + (-28 - 31) - 85).
-99
(71 - 96) + 0 + 11 + (-1 + 4 - 19)
-30
Evaluate (1 + 0 - (-51 + 37 + -13)) + -4.
24
Calculate 2 + 0 - (-22 + (3 - -4) + -7).
24
(-3 + -35 - -51 - 75) + -19
-81
Evaluate -13 + (4 + -5 + (3 - 1) - 20) + 9.
-23
What is -21 - ((16 + -2 - 6) + (-19 - (9 - 12)))?
-13
Evaluate (20 + 29 - 45) + -64.
-60
Evaluate -33 - ((-5 - -7) + -27 + 4).
-12
What is -22 + (70 - (-15 - -23)) - -5?
45
Calculate 6 + 2 + -11 + (-30 - -11) + 6.
-16
What is the value of (-10 - 4) + 4 - -11 - 2?
-1
What is -13 + (-24 - -6 - -11 - -12)?
-8
What is the value of -55 - -50 - (42 - -6)?
-53
-57 - (-122 + -52 + 95)
22
(-25 + 15 - -38) + -115 + 17
-70
Calculate -18 + -5 + (19 - 36) + -10.
-50
14 + (32 - 19) + (3 - (0 - (-5 + -2)))
23
Evaluate -16 + (-5 - 14 - -10) + -14.
-39
Calculate -1 + 17 - (204 - 207) - -34.
53
What is (155 - (107 + 2)) + -49?
-3
What is the value of -11 - (-2 - (5 + 6 + -10) - (-19 + -34))?
-61
Evaluate (7 - (3 + (4 - 1) + -51)) + 3.
55
What is the value of 3 - (90 + -47 - 55)?
15
What is the value of (80 - 70) + -17 + -6 + 10?
-3
Evaluate 15 + (19 + -29 + 5 - 12).
-2
What is -11 - (-2 + (59 + (-27 - 30) - (-1 + 126)))?
114
What is (-195 - -242) + (-2 - 28) - 112?
-95
What is the value of (21 - (-1 - -2)) + -17970 + 17955?
5
What is the value of (3 - -14) + -71 + (115 - 156)?
-95
Calculate (52 - 9) + -24 + (-10 - 1).
8
What is the value of 50 - 32 - (-28 + 11 + -3)?
38
Evaluate (5 - (-3 - -6) - (24 - (56 - 33))) + 7.
8
What is the value of 14 - (-75 - -205 - 134)?
18
(-13 + 35 + -33 - (-1 - 1) - -15) + -12
-6
Calculate (-3 + 43 - -29) + -49.
20
What is -54 + 151 + -51 + -7?
39
Evaluate (7 - 15) + 94 + 258 + -281.
63
(6 - (35 + (-13 - 1)) - -135) + (6 - 5)
121
Calculate 20 + 0 + -55 + 37 + (3 - (-14 + 3)).
16
26 + 4 + (20 - 27) + 14 + -2
35
-7 + (6 - (-4 + 9)) + 127 + -126 + 3
-2
Evalu